 870 = 0. What is the highest common factor of 27 and s?
27
Let d = -142 - -172. What is the greatest common factor of 36 and d?
6
Let w = -2310 - -2453. What is the highest common divisor of w and 187?
11
Suppose -22*k - 36 = -12884. Calculate the greatest common divisor of 73 and k.
73
Let k(f) = 99*f**2 - 13*f + 12. Let z be k(1). Calculate the greatest common divisor of z and 49.
49
Let c(l) = 2*l + 1. Suppose 4*g - 11 = 17. Suppose g*u - 8*u + 2 = 0. Let p be c(u). Calculate the highest common factor of p and 20.
5
Let m(z) = z**3 + 13*z**2 - 15*z - 8. Let o = -127 - -113. Let p be m(o). Calculate the greatest common factor of 4 and p.
2
Let i = -277 - -358. Let s = 6 + 3. What is the greatest common factor of s and i?
9
Let t(y) = -y**3 - 3*y**2 + 23*y - 31. Let r be t(-11). Calculate the highest common factor of 36 and r.
36
Suppose 2*z = -2, -p + 3*z = -5*p + 357. Calculate the highest common factor of 1620 and p.
90
Suppose 34377 + 47595 = 23*n. What is the highest common divisor of n and 44?
44
Let u = -55 - -58. Suppose 3*l - 45 = v, -5*l - 28 = -u*v - 103. What is the greatest common divisor of l and 60?
15
Suppose -17*n = -5*n - 41856. What is the highest common factor of n and 109?
109
Suppose -d + 0*d = -3*h - 31, 0 = d - 4*h - 36. Let f be ((-144)/20)/6*30. Let g = -20 - f. What is the greatest common divisor of d and g?
16
Suppose -6*q + 5*q = -3*g + 1678, 0 = 4*g + 3*q - 2220. What is the highest common factor of g and 18?
18
Let d = 2310 - 2022. What is the greatest common factor of d and 27?
9
Suppose -12*h = -8*h - 132. What is the highest common divisor of h and 3?
3
Let c be 1340 + (-4 + 6 - -7). What is the greatest common factor of 38 and c?
19
Let i(l) = -l**3 - 6*l**2 + l + 2. Let x be i(-7). Suppose v - x = -v. What is the highest common factor of v and 55?
11
Let t = -118 - -198. Calculate the greatest common factor of 120 and t.
40
Let h = -44 + 70. Let q(x) = x**2 - 2*x + 19. Let y be q(0). Let w = h - y. Calculate the greatest common factor of 1 and w.
1
Let j = 30 + -25. Suppose 8*l = j*l + 45. Suppose -89 = -3*q + 271. What is the greatest common factor of q and l?
15
Suppose 3*m + 17*r - 12*r - 56 = 0, 4*m + 4*r = 80. What is the highest common factor of 418 and m?
22
Suppose -f = -2*t - 12, 0*f = -3*f + t + 11. Suppose 0 = -f*w - 5*a + 51, 8*w + 3*a - 81 = 4*w. Let j = 7 + 38. Calculate the highest common factor of w and j.
9
Suppose 4 = i - 3*s + 2*s, -4*i - 4*s + 48 = 0. What is the highest common factor of 36 and i?
4
Suppose 9*r = 61*r - 1248. Let v be 286/8 + 1/4. Calculate the highest common divisor of v and r.
12
Let j = -654 - -1110. Calculate the greatest common factor of j and 57.
57
Let g = 175 - 111. What is the greatest common divisor of g and 16?
16
Let x = -63 + 206. Calculate the highest common divisor of x and 13.
13
Let c be (-8)/(-1) + (2 - 0). Let s be 2/4*(-252)/7. Let u = 2 - s. What is the highest common divisor of u and c?
10
Let y(h) = 6*h + 64. Let d be y(-10). Calculate the greatest common factor of d and 4.
4
Suppose 2*c + 2*d - 98 = -3*c, 5*c - 74 = 4*d. Calculate the highest common divisor of 30 and c.
6
Suppose -13 = -4*a + 43. Let y be 6/((-4)/a - (-32)/63). What is the highest common factor of y and 18?
9
Let i be 1 + 214 + 11/((-55)/25). What is the highest common factor of i and 140?
70
Let j = -87 + 145. Let p = j + -51. Suppose 20 = k + z - 6*z, -k - z + 38 = 0. Calculate the greatest common divisor of p and k.
7
Suppose 3*m + 74 + 22 = 5*f, 0 = -2*m - 4. What is the greatest common factor of f and 171?
9
Let s(y) = 3*y**2 + 5*y + 2. Let d be (80/30)/(4/6). Let h be s(d). What is the highest common divisor of 28 and h?
14
Suppose -2*v + 41 + 55 = 0. Let t be -12 + 156/4 - -5. What is the greatest common divisor of t and v?
16
Suppose 0 = -r - 3*r. Suppose q - 2 - 1 = r. Let y(b) = b**2 - 10*b - 53. Let c be y(-4). Calculate the highest common factor of q and c.
3
Suppose -10*r = 3*r - 351. Let h be -1 + 9 - r/9. What is the highest common factor of h and 1?
1
Suppose 5*h - 276 = 4*u, 5*h + 4*u = -u + 240. Suppose 18 = -6*c + 96. Calculate the highest common divisor of h and c.
13
Let a be (24/20)/((-3)/(-10)). Suppose 0 = a*b + 2 - 18. Suppose -19 - 1 = -b*k. Calculate the greatest common divisor of k and 40.
5
Suppose -4*s - 17 = r - 0, -r = -4*s - 7. Let q(x) = -x**3 - 6*x**2 - 9*x - 12. Let g be q(r). Calculate the greatest common divisor of g and 64.
8
Let f(j) be the first derivative of -1/4*j**4 + 7/2*j**2 + 4/3*j**3 + 4 + 5*j. Let x be f(-4). What is the greatest common factor of 42 and x?
21
Let n(o) = -o**2 + 5*o + 2. Let p = 16 + -11. Let y be n(p). Suppose y*l - 133 = -21. What is the greatest common factor of 7 and l?
7
Let g = 1152 + -1046. What is the greatest common divisor of 4664 and g?
106
Let o(x) = -17*x - 78. Let q be o(-6). Suppose 504 = 5*n - 2*n. What is the highest common divisor of q and n?
24
Suppose 0 = -4*l + z + 29 - 1, 3*l + 5*z + 2 = 0. What is the greatest common factor of l and 6?
6
Let c be (5/3)/((-73)/(-438)). What is the greatest common factor of c and 480?
10
Suppose -1584 = 134*j - 140*j. Calculate the highest common divisor of 48 and j.
24
Suppose 3*q = -18*a + 19*a + 31, 20 = 2*q - a. Calculate the highest common divisor of 22 and q.
11
Let j = -1800 - -1816. Calculate the highest common divisor of 3 and j.
1
Let v = 19 - 8. Suppose -v + 43 = f. Let u = -2 + f. Calculate the highest common divisor of 20 and u.
10
Suppose 134*u = 171*u - 1702. What is the highest common divisor of u and 161?
23
Let n(u) = -u + 4. Let b be n(0). Let v(p) = -2*p + 34. Let l be v(b). Calculate the highest common factor of 65 and l.
13
Let y = 9 + 5. Let f = 26 - y. What is the greatest common divisor of 12 and f?
12
Suppose y = 2*o - 23, -3 = -4*o + 3*y + 48. Let v = -3193 - -3274. Calculate the highest common factor of v and o.
9
Suppose -37*d = -25*d - 384. What is the greatest common factor of d and 464?
16
Let z be 12 + (5 - (0 - -5)). Suppose y = 2*s - 212, 3*y = -0*y + 12. What is the highest common factor of s and z?
12
Let j = -15 + 21. Suppose -j*h = -14*h + 72. Calculate the greatest common factor of 9 and h.
9
Let c = 6 - 7. Let u be (-9)/(3/(-45)*-3*c). Calculate the greatest common divisor of 30 and u.
15
Suppose 5*x = 4*j + 45, 4*x + j + j = 10. Suppose 4*b - 229 = x*h, 3*h - 58 = -b + 5*h. Calculate the highest common factor of 7 and b.
7
Let d = 60 + -31. Let r = d - 21. Calculate the greatest common factor of 8 and r.
8
Let b be 80712/168 + 6/(-14). Calculate the greatest common divisor of 15 and b.
15
Let g(x) = -2*x - 4. Let a be g(-2). Suppose -5*z + 4*i + 40 = a, z = i - 6*i + 37. What is the highest common factor of 48 and z?
12
Suppose 11*v - 123 - 141 = 0. Calculate the greatest common factor of 9 and v.
3
Let w(c) = c**3 - 5*c**2 + 8*c - 2. Let m be w(4). Suppose 64 + 76 = 5*v. Calculate the greatest common divisor of v and m.
14
Let f = -8 - -10. Suppose -f*w - 12 = -3*p, 3*p - 3 = 4*p - 3*w. Suppose -p = 2*b, 2*b = 2*h - 37 + 15. What is the greatest common divisor of h and 64?
8
Suppose p = 4, p = 6*v - v - 846. Suppose x = -2*y + 322, 5*x = -y - 0*x + v. Suppose -3*r + r + y = 0. What is the highest common divisor of r and 16?
16
Let l be 304/14 + (-2)/(-7). Let i(z) = -5*z + 62. Let o be i(23). Let q = o - -97. What is the highest common factor of l and q?
22
Let x(d) = -d**3 - 2*d**2 + d - 4. Let g be x(-3). Let v be 0/g - (-99 + 7). What is the highest common divisor of 23 and v?
23
Suppose -8 = 4*w - 20. Let l(g) = -2*g**2 + 12*g - 16. Let i be l(w). Let u = 20 - 10. Calculate the greatest common divisor of i and u.
2
Suppose 109*a - 1934 = 3734. What is the highest common factor of 39 and a?
13
Let m be (17/(-34))/((-1)/890). Suppose 2*x + 103 = h, 0 = 4*h - 0*x + 3*x - m. Let q = h + -28. Calculate the greatest common factor of 9 and q.
9
Suppose 5*n - 5*k + 17 = n, -2*k + 8 = -n. Suppose 4 = 4*f - n*f. Calculate the greatest common factor of 7 and f.
1
Let j(u) = -1. Let d(o) = -2*o + 20. Let c(s) = d(s) + 4*j(s). Let i be c(-5). Calculate the highest common divisor of i and 39.
13
Let f be (-56)/16*(13 + -19). Let c = -4 - -10. Let i be 126*1*4/c. Calculate the highest common factor of i and f.
21
Suppose -l -